46. Let v(z) = -74*z + 84. Let a be v(1). What is f(a)?
-6
Suppose -2*r + 5 + 5 = -2*y, 0 = r + y - 1. Let f(p) be the first derivative of -5 - 7/2*p**2 + 6*p + 1/3*p**r. What is f(6)?
0
Suppose -7*f + 10 = -2*f. Let a(s) = 6*s**f - s**2 - 3*s**2 - 1 + s**2 + 2*s**3. Let o be 1*(2 - 4/1). Give a(o).
-5
Suppose -10 + 4 = -t. Let a(u) = -u**2 + 7*u. Give a(t).
6
Let s(u) = -7*u**2 + 6 + 10*u**3 - 19*u**3 + 6*u + 10*u**3. What is s(6)?
6
Let d be (2/1)/(-2) + 10. Suppose 4*s - 9 - 12 = 3*c, d = s + 3*c. Let m(j) = 0 - 3 - 1302*j + 1303*j. Give m(s).
3
Suppose -5*g = -2*w - 2*g - 4, -2*g = -2*w - 8. Let a be (4/5)/(w/40). Let v(o) be the first derivative of o**4/4 + o**3 - o**2/2 + o + 71. Determine v(a).
-11
Let q(a) be the third derivative of a**5/60 - 3*a**4/8 + 5*a**3/2 - a**2 - 35*a. Give q(6).
-3
Let o(b) = 3*b**2 - 11*b. Let p(c) = -c**2 + 3*c + 1. Let t(a) = o(a) + 4*p(a). Give t(3).
-2
Let b(d) = 3 + 1 - 2*d + d - 2*d. Let k = -154 + 157. Determine b(k).
-5
Let p(u) = -3*u - 3. Suppose 0 = -0*k - k + 15. Let w = -12 + k. Suppose -w*l = -3*x - x - 11, -4*x - 20 = 0. Determine p(l).
6
Suppose -2*g + 15 = 3*g. Let h be 42/(-18) - 2/(-6). Let a be (g + h)*6 + -3. Let n(m) = m + 2. Give n(a).
5
Let f(a) be the second derivative of -a**5/20 - a**4/12 + a**3/2 - a**2 + 3*a. Let m(v) = -43*v - 127. Let i be m(-3). What is f(i)?
-8
Let y(l) = 8*l**2 + l - 5. Let x(f) = -f**2 + 1. Let o(r) = -4*x(r) - y(r). Give o(-2).
-13
Let v(l) = -2 + 3 - 2*l - 2 + 4*l**2. Let f = 108 - 106. Determine v(f).
11
Let w(p) be the third derivative of p**5/60 - p**4/8 + p**3/3 - 2*p**2 - 41*p. Calculate w(4).
6
Let r(j) = -3*j - j + 2*j - 2*j**2 + 2. Suppose -4*h + 17 + 11 = 0. Suppose -5 = -t - h. Give r(t).
-2
Let v be 1/(-2)*6 - -8. Let p be (-1)/(v/(-15)) + -1. Let q(m) = 2*m**3 - m**2 - 2*m + 2. Give q(p).
10
Let w(z) = 4*z**2 - 1. Let u(n) = -n - 13. Let s be u(-11). Let j = s + 10. Let q = 9 - j. What is w(q)?
3
Let l(z) = -1 + 0*z**2 - 6*z - 2*z**2 + 3*z**2. Calculate l(5).
-6
Let z(l) = -11*l - 379 - 4*l + 380. Let o(v) = 3*v + 1. Let w be o(0). What is z(w)?
-14
Let x(t) be the first derivative of t**2/2 - 9*t + 108. Determine x(8).
-1
Suppose 9*v - 3*v = 0. Suppose b + 4 = -v*b. Let q be b/(-14) - 52/(-14). Let j(x) = x - 1. Give j(q).
3
Let v(w) = -60*w + 32. Let c(h) = -21*h + 11. Let n(x) = 17*c(x) - 6*v(x). Calculate n(-7).
-26
Let i(x) = 5*x - 11. Let g = 7 + -12. Let h(b) = -6*b + 12. Let z(l) = g*i(l) - 4*h(l). Let j be 8/36 + 10/(-45). Determine z(j).
7
Let v = 989/2 + -494. Let a(g) be the first derivative of -g - 1/4*g**4 + 4 + 5/3*g**3 - v*g**2. Determine a(5).
-6
Let f be -3 + 34/5 + (-12)/15. Let p(r) = -2*r**2 + f*r**2 + 47*r - 40*r. What is p(-6)?
-6
Suppose -h + q = 1, -2*q + 4 = -h - 2*h. Let k(u) = -2*u**3 - 3*u**2 + u + 2. Calculate k(h).
4
Let b(r) = -13 - 5 - 2*r**2 - 3 + 2 + 21*r. Let o(p) = -4*p**2 - 2*p**2 + 14*p - 10 + 5*p**2 - 3*p. Let k(h) = -3*b(h) + 5*o(h). Give k(5).
-8
Let x(b) = -b**2 - 6*b + 1. Let d(n) = -3*n - 34. Let a be d(-10). Calculate x(a).
9
Let n = -183 - -187. Let a(s) = s - 2. What is a(n)?
2
Let y(d) = d**2 + 6*d + 2. Let r(v) = -v**3 + 5*v**2 + 9*v + 6. Let a be r(6). Let i = a - 28. Determine y(i).
-6
Let o(b) = 82*b**3 + 4*b - 39*b**3 - 42*b**3 + 3. Give o(-3).
-36
Let c(j) = -7*j**3 - 2*j**2 - j. Suppose 4*n - 3 = -111. Let o be 4 - (-3 + 2 - n). Let y = o - -21. Determine c(y).
6
Let p(o) = 3*o**3 - 6*o**2 + 6*o + 1. Let d(i) = 5*i**3 - 9*i**2 + 9*i + 2. Let v be 2/4*-6 - (-3 + 5). Let a(x) = v*d(x) + 8*p(x). Calculate a(-4).
2
Let u(f) = -f**2 + 6*f - 2. Suppose 0 = v + o - 3, 4*v - 5*o = 2*v + 6. Suppose 5*y = -5*k + 55, 0 = 6*k - 3*k - v*y - 9. Determine u(k).
-9
Let y = -21 - -33. Let a be 2 - 1*(y/(-3) - -7). Let n(l) = -2*l**2 + 1. What is n(a)?
-1
Let v be 0*(1 - 0)/(-4 - -2). Let y(x) = v*x**2 - 1 + 0*x + 2*x**2 - 3*x - x**2. What is y(4)?
3
Let v(m) = 3*m**3 + 3*m - 3. Let o(u) = 4*u + 15. Let c(x) = -x - 1. Let w(f) = 10*c(f) + 2*o(f). Let g be w(9). Give v(g).
27
Let d(m) = m**3 - 8*m**2 + 4*m - 14. Let i(b) = 3*b**3 - 22*b**2 + 11*b - 40. Let v(n) = 17*d(n) - 6*i(n). Determine v(-3).
-13
Let d(f) = 1 - 1 + 11274*f + 8 - 11276*f. Let q be 7 + (-3 - -3 - 1). Calculate d(q).
-4
Let f(w) be the second derivative of w**4/3 + w**3/6 - w**2/2 + 56*w. What is f(2)?
17
Let b(p) = -13*p**2 - 2*p + 1. Suppose y = -3*x - 0*x + 2, 0 = x - 5*y - 6. Give b(x).
-14
Let f(k) be the first derivative of 4*k**3/3 + k**2/2 + 4*k - 14. What is f(-2)?
18
Let a(q) = -q**2 - 21*q - 24. Let r be a(-20). Let z(h) = -h**3 - h**2 + 13*h. Calculate z(r).
-4
Let t(c) = -c**3 + 4*c**2 + 2*c - 2. Let w be t(4). Let o(x) = 3*x**2 - 6 + 5*x**3 - 2*x**3 + w. What is o(-2)?
-12
Let c(i) = 2*i - 14. Let u be c(12). Suppose 6*f + u = f. Let t(x) = x + 4. Let s(w) = -2*w - 9. Let v(r) = f*s(r) - 5*t(r). Calculate v(-4).
2
Suppose -w + l - 1 = 3*l, -5*w + l + 17 = 0. Let m(k) = -k + 0*k - k**w + 0*k + 8*k - 6*k**2. Calculate m(-7).
0
Let x(n) = -17*n - 1. Let q(a) = -97*a + 51. Let v(u) = -q(u) + 6*x(u). Give v(-11).
-2
Let n(s) = 0*s**3 + 6*s**2 + 1 + s + s - 2*s**2 + s**3. Let v be n(-3). Let r(k) = k - 5. Let o(b) = 2*b - 10. Let d(g) = -6*o(g) + 13*r(g). What is d(v)?
-1
Let n(j) = -j**2 + 3*j + 4. Let l(a) = -a**3 + 4*a**2 - 2*a. Let c be l(3). Suppose -4*g = -c*g - 4. Calculate n(g).
0
Let l(f) = 5 + 2 - 1 + f**2 - 2 - 2*f. Let z be l(3). Let q(p) = -4*p**2 + z*p**3 + 3*p - 4*p + 2*p**2. Determine q(-1).
-8
Suppose -4 = t + 2*m, 5*t - 5*m = -0*t + 40. Let w(q) = 2*q**2 - 9*q + 2. Calculate w(t).
-2
Suppose 324 - 256 = 4*h. Let w(r) = r**2 - 14*r - 22. What is w(h)?
29
Let w(c) = -409 + 2*c + c + 410 + 2*c + 0*c. Let l = -3 + 3. Suppose -f = 5*s - 19, 3*s = 12 - l. Calculate w(f).
-4
Let v = -2 - -7. Let t(q) = 2*q + 9. Let g be t(-3). Let y(a) = 10*a**3 + 1 - 8*a**3 - 6*a - 3*a**3 - g + 6*a**2. Give y(v).
-7
Let c = 351/4 + -85. Let p(l) be the first derivative of -l - c*l**4 + 2 - 1/3*l**3 + l**2. Calculate p(1).
-11
Let u(k) = k + 18. Let p = 32 - -29. Suppose 13 - p = 4*t. Let m be u(t). Let y(w) = w**3 - 7*w**2 + 3*w + 8. Calculate y(m).
-10
Let x(v) = 8*v**3 - v**2. Let u(k) = -k**3 + k. Let m be u(0). Let a = 6 + -3. Suppose -h + 5*y = 2*h - a, 3*y = m. What is x(h)?
7
Let b(x) be the third derivative of x**6/120 - 11*x**5/60 + x**4/3 + 3*x**3 - 14*x**2 + 5. Give b(10).
-2
Let z(q) = -q**3 + 7*q**2 - 13*q + 13. Let r be z(5). Let w(a) = a**3 + 3*a**2 - 1. Give w(r).
3
Let a(c) = 15*c + 2136*c**2 - 2135*c**2 + 0*c + 5. Calculate a(-15).
5
Let k(w) = -w**2 + w. Let n be k(1). Let p(r) be the second derivative of 5/12*r**4 + n + 1/20*r**5 + 3/2*r**2 + 5/6*r**3 - 4*r. Determine p(-4).
-1
Let v(t) = -44*t + 41. Let n(p) = 25*p - 20. Let o(i) = -7*n(i) - 4*v(i). What is o(26)?
2
Let z(s) = -15*s - 25. Suppose -12 = -240*t + 246*t. Give z(t).
5
Let y(d) = -d**3 + 3*d**2 - 2*d + 4. Let l be y(3). Let n(k) = -3. Let t(z) = -z - 1. Let x(s) = l*t(s) - n(s). Determine x(-4).
-3
Let g(n) = n + 19. Let o = -1048 - -1048. What is g(o)?
19
Let n be (2 - 2)/(84/21). Let i(m) be the third derivative of n - 1/12*m**4 + 1/60*m**5 + 0*m + 1/6*m**3 - 10*m**2. Calculate i(2).
1
Let m(s) = -s**2 + 7*s - 7. Let u be m(5). Let a be (0 - 4) + u + -3. Let b(h) be the first derivative of 2*h**3/3 + 5*h**2/2 - h - 678. Determine b(a).
11
Let h(d) = 1. Let s(z) = 2*z - 2. Let u(g) = 4*h(g) - s(g). Let p = 0 + 1. Let o be (-7)/p - -4 - 9*-1. What is u(o)?
-6
Let c(q) = -q + 9. Let d(i) = 18*i - 34. Let v be d(4). Suppose 33*j - v*j = 35. Determine c(j).
16
Let m(z) be the first derivative of -z**4/4 - 5*z**3/3 - 3*z**2/2 - 7*z + 2. Suppose -3*c = -c - 6, 0 = 2*s + 4*c + 168. Let u = s + 85. Determine m(u).
8
Let w be (-66)/(-15) - (-6)/10. Let v be 1/(w/9)*5. Let h(o) = -o - v + 6 + 5. What is h(-5)?
7
Let v(s) = 2*s + 6. Let b be 3*(1/(-6))/(15/60). Determine v(b).
2
Suppose -4*v + 4*k - 10 = 5*k, 8 = -2*v + k. Let z(p) = 1. Let y(d) = -2*d + 2. Let o(t) = v*z(t) + 2*y(t). What is o(5)?
-19
Let y(h) be the third derivative of h**6/60 + 3*h**5/20 + 7*h**4/24 + h**3/6 + 307*h**2 + 1. Calculate y(-3).
7
Let p(d) = -d**3 - 4*d**2 + 4*d + 4. Let w be (-51)/(-34) + 39/(-6). Determine p(w).
9
Let i(c) = c**2 + c - 2. Let s(b) = 3*b**2 - 4*b + 2. Let z be